7595 a factor of 1474045195?
True
Is 52 a factor of 3307178?
False
Is 11 a factor of 52680661?
True
Is 2673056 a multiple of 129?
False
Is 6 a factor of 4085442?
True
Is 309394246 a multiple of 7?
True
Does 471 divide 191050788?
True
Does 14 divide 1453176396?
True
Is 1301917 a multiple of 70?
False
Is 120835632 a multiple of 80?
False
Is 27915588 a multiple of 492?
True
Is 5207971520 a multiple of 32?
True
Is 10 a factor of 4823210?
True
Does 121 divide 3098176215?
False
Does 355 divide 1170167330?
True
Is 7906 a factor of 1007461580?
True
Is 20140820 a multiple of 586?
True
Is 73885212 a multiple of 26?
False
Is 16365818 a multiple of 7?
True
Does 177 divide 586969610?
False
Does 148 divide 61621534?
False
Does 25 divide 265118975?
True
Is 279 a factor of 7010154?
True
Is 4 a factor of 4931241?
False
Is 17203174 a multiple of 1285?
False
Is 10 a factor of 32010860?
True
Does 77 divide 23390269?
False
Is 3713 a factor of 66841426?
True
Is 497838407 a multiple of 11?
True
Does 1318 divide 38617400?
True
Is 1005 a factor of 75114846?
False
Does 110 divide 938277342?
False
Is 843 a factor of 1745368275?
True
Is 19161430 a multiple of 59?
True
Is 8505311 a multiple of 101?
True
Is 97294977 a multiple of 117?
True
Does 40 divide 678663306?
False
Is 57983450 a multiple of 4522?
False
Is 236 a factor of 19801969?
False
Is 212941356 a multiple of 174?
False
Is 360994391 a multiple of 140?
False
Does 227 divide 730999032?
False
Does 499 divide 5207065?
True
Is 527364102 a multiple of 1541?
True
Is 2038 a factor of 232058908?
True
Does 117 divide 6526976?
False
Is 351 a factor of 344178315?
True
Is 1180269046 a multiple of 566?
True
Is 39 a factor of 153998595?
False
Is 1255911303 a multiple of 5113?
True
Is 3059 a factor of 135163240?
False
Is 51255175 a multiple of 1372?
False
Is 1482976320 a multiple of 140?
True
Does 1802 divide 15536844?
True
Is 1519213335 a multiple of 39?
False
Does 1462 divide 199359782?
True
Does 22 divide 342985644?
False
Does 82 divide 384498602?
False
Is 236077856 a multiple of 20?
False
Is 90154755 a multiple of 37?
True
Is 936 a factor of 2070946459?
False
Is 3057 a factor of 1158058866?
False
Is 62302947 a multiple of 3?
True
Is 9 a factor of 13405131?
True
Is 12 a factor of 23063376?
True
Is 504450600 a multiple of 50?
True
Does 6200 divide 2376121531?
False
Is 187414872 a multiple of 415?
False
Is 13 a factor of 95554896?
False
Is 53 a factor of 524317605?
True
Is 111 a factor of 118744287?
False
Does 103 divide 49541570?
False
Does 551 divide 234319260?
False
Is 15132964 a multiple of 98?
True
Is 3670791 even?
False
Is 31 a factor of 33603156?
False
Does 1930 divide 29888382?
False
Is 815 a factor of 186071652?
False
Is 77683250 a multiple of 759?
False
Is 7 a factor of 1265027029?
True
Is 2815555 a multiple of 13?
False
Is 33 a factor of 222067461?
True
Does 10 divide 73202170?
True
Does 10 divide 28814610?
True
Does 7724 divide 2797877007?
False
Is 98 a factor of 2921252502?
True
Is 573 a factor of 2885950026?
True
Is 28 a factor of 80721760?
True
Is 34 a factor of 342813194?
True
Is 70 a factor of 46463830?
True
Is 128714097 a multiple of 149?
True
Is 426727445 a multiple of 8?
False
Is 51627666 a multiple of 6?
True
Is 17691457 a multiple of 202?
False
Is 2307 a factor of 30407058?
False
Is 694747 a multiple of 15?
False
Is 69267506 a multiple of 97?
True
Is 114737260 a multiple of 5?
True
Is 4 a factor of 30906928?
True
Is 8649197 a multiple of 9?
False
Does 2043 divide 13585950?
True
Is 63302976 a multiple of 572?
False
Is 1091468277 a multiple of 6561?
True
Is 2 a factor of 156960499?
False
Does 2372 divide 7014866775?
False
Does 277 divide 459195365?
True
Is 670206316 a multiple of 4?
True
Does 559 divide 87017294?
True
Is 23864278 a multiple of 1688?
False
Is 12929903 a multiple of 2?
False
Is 11 a factor of 2650527?
True
Is 5 a factor of 126570955?
True
Is 274 a factor of 970956321?
False
Is 7 a factor of 19886517?
True
Is 5 a factor of 2377118?
False
Does 755 divide 1808474905?
True
Does 865 divide 27424378?
False
Is 312 a factor of 4581720?
True
Does 6 divide 86065818?
True
Is 204899725 a multiple of 4?
False
Is 159940382 a multiple of 81?
False
Does 1075 divide 100171951?
False
Is 141727124 a multiple of 77?
True
Is 60384426 a multiple of 6?
True
Is 397046067 a multiple of 51?
True
Is 80701609 a multiple of 51?
False
Is 58549693 a multiple of 334?
False
Does 99 divide 23466762?
True
Does 1040 divide 935577?
False
Is 244717958 a multiple of 17?
True
Is 71 a factor of 88950717?
True
Is 12 a factor of 57832777?
False
Does 3103 divide 804691950?
False
Is 106346126 a multiple of 1605?
False
Does 5 divide 891849527?
False
Is 12 a factor of 345788928?
True
Is 3 a factor of 5562792?
True
Is 125578662 a multiple of 258?
True
Is 31 a factor of 80206614?
False
Is 47619948 a multiple of 810?
False
Is 737755095 a multiple of 905?
True
Does 64 divide 249032252?
False
Is 75288100 a multiple of 15?
False
Does 2454 divide 71313240?
True
Is 22 a factor of 78230270?
False
Does 3781 divide 1239373990?
True
Does 4 divide 40287256?
True
Is 289891239 a multiple of 119?
False
Is 6088 a factor of 485718904?
True
Is 151 a factor of 3025285?
True
Is 2208 a factor of 326784226?
False
Is 1610291598 a multiple of 1993?
False
Does 13 divide 112529456?
True
Is 138 a factor of 7230234?
True
Is 30 a factor of 56705994?
False
Is 87319280 a multiple of 97?
False
Does 50 divide 794124700?
True
Is 8 a factor of 202019187?
False
Does 155 divide 15530070?
True
Is 8 a factor of 61209115?
False
Is 43710764 a multiple of 130?
False
Is 7 a factor of 371332822?
True
Does 1504 divide 7647840?
True
Is 2002184505 a multiple of 365?
True
Does 26 divide 6670075802?
True
Is 888 a factor of 41688048?
True
Does 190 divide 9089103?
False
Is 5497800 a multiple of 2040?
True
Does 33 divide 42832878?
True
Is 137637335 a multiple of 11?
True
Is 68695000 a multiple of 2500?
True
Is 247 a factor of 9541857?
True
Is 2835 a factor of 5953857210?
True
Is 31476269 a multiple of 307?
False
Is 24646566 a multiple of 119?
True
Is 57368410 a multiple of 1045?
True
Is 534 a factor of 323468364?
True
Is 1869309 a multiple of 75?
False
Is 2494237913 a multiple of 277?
True
Is 734539230 a multiple of 6?
True
Is 1369 a factor of 1206192940?
False
Is 20952441 a multiple of 455?
False
Is 162548102 even?
True
Is 2828055989 a multiple of 12191?
True
Is 1288 a factor of 133582344?
True
Is 37 a factor of 1897786593?
False
Does 115 divide 1445395309?
False
Does 132 divide 2888634?
False
Is 128316436 a multiple of 10?
False
Is 45 a factor of 50188258?
False
Is 116 a factor of 156823068?
True
Is 450075340 a multiple of 187?
True
Is 780260 a multiple of 152?
False
Is 2 a factor of 26481931?
False
Is 1310 a factor of 5231777?
False
Is 4867760 a multiple of 857?
True
Is 56288817 a multiple of 351?
True
Is 18846232 a multiple of 175?
False
Does 62 divide 361104058?
True
Is 1398 a factor of 38348538?
True
Does 67 divide 342346978?
False
Is 24 a factor of 1206773627?
False
Is 4341392 a multiple of 34?
True
Does 29 divide 44543391?
True
Does 29 divide 580725?
True
Does 18 divide 1371270?
False
Does 18 divide 89730036?
True
Is 8736200 a multiple of 10?
True
Does 18 divide 241400826?
True
Is 581 a factor of 101987578?
True
Is 51 a factor of 796874108?
False
Does 3 divide 162405?
True
Is 4851856 a multiple of 662?
False
Is 28276655 a multiple of 426?
False
Is 695859074 a multiple of 300?
False
Is 99031986 a multiple of 37?
False
Is 6 a factor of 51715668?
True
Is 23306832 a multiple of 16?
True
Is 6337328 a multiple of 23?
True
Is 1372068060 a multiple of 1023?
True
Does 1380 divide 24734676?
False
Does 1318 divide 254895928?
True
Is 5 a factor of 89471140?
True
Is 12 a factor of 1092846276?
True
Is 33 a factor of 18477162?
True
Is 1278275713 a multiple of 143?
True
Is 1004 a factor of 104456160?
True
Does 8 divide 1305643008?
True
Is 28172526 a multiple of 337?
True
Is 2719771541 a multiple of 1609?
True
Is 6 a factor of 51314646?
True
Does 1115 divide 363245815?
True
Is 472 a factor of 90560609?
False
Is 4 a factor of 14822473?
False
Is 11423 a factor of 4717984604?
False
Is 12 a factor of 251939455?
False
Is 246434697 a multiple of 24?
False
Is 2295888896 a multiple of 12?
False
Is 27 a 